f 35731?
3
What is the hundreds digit of 3671?
6
What is the thousands digit of 6194?
6
What is the tens digit of 59865?
6
What is the units digit of 1871?
1
What is the units digit of 2604?
4
What is the thousands digit of 1655?
1
What is the units digit of 1539?
9
What is the tens digit of 1397?
9
What is the tens digit of 1814?
1
What is the hundreds digit of 1675?
6
What is the hundreds digit of 3211?
2
What is the units digit of 35356?
6
What is the thousands digit of 8685?
8
What is the tens digit of 732?
3
What is the units digit of 13803?
3
What is the units digit of 19741?
1
What is the hundreds digit of 13500?
5
What is the thousands digit of 14748?
4
What is the thousands digit of 64581?
4
What is the hundred thousands digit of 160522?
1
What is the thousands digit of 1518?
1
What is the tens digit of 1421?
2
What is the hundreds digit of 3215?
2
What is the thousands digit of 6710?
6
What is the units digit of 6863?
3
What is the tens digit of 464?
6
What is the thousands digit of 26947?
6
What is the ten thousands digit of 15299?
1
What is the thousands digit of 114030?
4
What is the hundreds digit of 1640?
6
What is the tens digit of 448?
4
What is the tens digit of 230?
3
What is the units digit of 16164?
4
What is the hundreds digit of 95048?
0
What is the tens digit of 569?
6
What is the hundreds digit of 1172?
1
What is the units digit of 432?
2
What is the thousands digit of 1161?
1
What is the ten thousands digit of 14827?
1
What is the thousands digit of 1029?
1
What is the tens digit of 29720?
2
What is the thousands digit of 4549?
4
What is the hundreds digit of 594?
5
What is the thousands digit of 32721?
2
What is the units digit of 12318?
8
What is the units digit of 4313?
3
What is the hundreds digit of 825?
8
What is the thousands digit of 14667?
4
What is the tens digit of 4363?
6
What is the units digit of 929?
9
What is the units digit of 20?
0
What is the tens digit of 30?
3
What is the thousands digit of 3431?
3
What is the hundreds digit of 955?
9
What is the units digit of 58219?
9
What is the ten thousands digit of 19611?
1
What is the hundreds digit of 29391?
3
What is the units digit of 78?
8
What is the hundreds digit of 525?
5
What is the tens digit of 5051?
5
What is the thousands digit of 13713?
3
What is the units digit of 1210?
0
What is the units digit of 1279?
9
What is the tens digit of 160?
6
What is the tens digit of 1512?
1
What is the thousands digit of 12732?
2
What is the hundreds digit of 647?
6
What is the tens digit of 1194?
9
What is the units digit of 743?
3
What is the tens digit of 34697?
9
What is the tens digit of 16839?
3
What is the thousands digit of 12308?
2
What is the tens digit of 1047?
4
What is the tens digit of 301?
0
What is the units digit of 9424?
4
What is the hundreds digit of 2455?
4
What is the ten thousands digit of 12704?
1
What is the hundreds digit of 777?
7
What is the units digit of 3338?
8
What is the tens digit of 17000?
0
What is the tens digit of 2467?
6
What is the thousands digit of 9576?
9
What is the tens digit of 8995?
9
What is the ten thousands digit of 17664?
1
What is the hundreds digit of 2646?
6
What is the hundreds digit of 2868?
8
What is the units digit of 74508?
8
What is the hundreds digit of 34162?
1
What is the hundreds digit of 28266?
2
What is the units digit of 2929?
9
What is the tens digit of 21573?
7
What is the units digit of 75456?
6
What is the tens digit of 6332?
3
What is the ten thousands digit of 10452?
1
What is the thousands digit of 38638?
8
What is the tens digit of 3855?
5
What is the hundreds digit of 5213?
2
What is the units digit of 1023?
3
What is the units digit of 2185?
5
What is the units digit of 754?
4
What is the hundreds digit of 847?
8
What is the units digit of 2093?
3
What is the tens digit of 1588?
8
What is the ten thousands digit of 21674?
2
What is the thousands digit of 2539?
2
What is the tens digit of 82339?
3
What is the tens digit of 527?
2
What is the hundreds digit of 88215?
2
What is the hundreds digit of 7819?
8
What is the units digit of 21238?
8
What is the tens digit of 9763?
6
What is the units digit of 709?
9
What is the thousands digit of 11540?
1
What is the hundreds digit of 5511?
5
What is the tens digit of 171?
7
What is the ten thousands digit of 13766?
1
What is the hundred thousands digit of 150420?
1
What is the hundreds digit of 871?
8
What is the units digit of 768?
8
What is the units digit of 15261?
1
What is the units digit of 3166?
6
What is the tens digit of 12216?
1
What is the hundreds digit of 1301?
3
What is the thousands digit of 5453?
5
What is the tens digit of 1214?
1
What is the units digit of 1514?
4
What is the hundreds digit of 698?
6
What is the hundreds digit of 78055?
0
What is the hundreds digit of 78333?
3
What is the thousands digit of 4532?
4
What is the thousands digit of 4026?
4
What is the tens digit of 1375?
7
What is the thousands digit of 8346?
8
What is the units digit of 5291?
1
What is the units digit of 24862?
2
What is the thousands digit of 5617?
5
What is the thousands digit of 36043?
6
What is the ten thousands digit of 42213?
4
What is the hundreds digit of 2843?
8
What is the thousands digit of 29976?
9
What is the tens digit of 10527?
2
What is the thousands digit of 42729?
2
What is the tens digit of 29671?
7
What is the tens digit of 2127?
2
What is the hundreds digit of 2576?
5
What is the tens digit of 1218?
1
What is the thousands digit of 1429?
1
What is the thousands digit of 64094?
4
What is the units digit of 51754?
4
What is the tens digit of 1423?
2
What is the hundreds digit of 9207?
2
What is the units digit of 1735?
5
What is the units digit of 4076?
6
What is the tens digit of 495?
9
What is the thousands digit of 3282?
3
What is the tens digit of 8065?
6
What is the thousands digit of 1317?
1
What is the hundreds digit of 1248?
2
What is the hundreds digit of 1138?
1
What is the units digit of 14676?
6
What is the hundreds digit of 10998?
9
What is the hundreds digit of 7011?
0
What is the hundreds digit of 5853?
8
What is the tens digit of 8907?
0
What is the hundreds digit of 3120?
1
What is the hundreds digit of 1227?
2
What is the thousands digit of 17867?
7
What is the hundreds digit of 7913?
9
What is the tens digit of 71392?
9
What is the units digit of 2381?
1
What is the tens digit of 8091?
9
What is the units digit of 7942?
2
What is the thousands digit of 93136?
3
What is the tens digit of 39527?
2
What is the tens digit of 451?
5
What is the tens digit of 1338?
3
What is the units digit of 2250?
0
What is the units digit of 1484?
4
What is the thousands digit of 5599?
5
What is the tens digit of 28964?
6
What is the tens digit of 854?
5
What is the ten thousands digit of 87877?
8
What is the hundreds digit of 2961?
9
What is the thousands digit of 1576?
1
What is the thousands digit of 47397?
7
What is the units digit of 88935?
5
What is the tens digit of 3887?
8
What is the hundreds digit of 6496?
4
What is the hundreds digit of 114476?
4
What is the units digit of 473?
3
What is the units digit of 111004?
4
What is the tens digit of 2011?
1
What is the thousands digit of 17253?
7
What is the units digit of 6081?
1
What is the units digit of 46980?
0
What is the hundreds digit of 2795?
7
What is the units digit of 2775?
5
What is the units digit of 6603?
3
What is the units digit of 2848?
8
What is the units digit of 89?
9
What is the hundreds digit of 4390?
3
What is the tens digit of 1600?
0
What is the units digit of 69?
9
What is the thousands digit of 3780?
3
What is the hundreds digit of 5141?
1
What is the hundreds digit of 68792?
7
What is the units digit of 3465?
5
What is the tens digit of 399?
9
What is the units digit of 17052?
2
What is the tens digit of 17341?
4
What is the tens digit of 82654?
5
What is the tens digit of 1094?
9
What is the units digit of 72790?
0
What is the hundreds digit of 272?
2
What is the thousands digit of 15609?
5
What is the units digit of 199?
9
What is the thousands digit of 23450?
3
What is the tens digit of 22886?
8
What is the thousands digit of 4366?
4
What is the tens digit of 2431?
3
What is the units digit of 2235?
5
What is the tens digit of 377?
7
What